 4*f = 2*a + 52. Let r(t) = -t**3 + 8*t**2 + 3*t + 1. Let z be r(6). Calculate the highest common divisor of f and z.
13
Let i = -580 - -647. What is the greatest common factor of 1072 and i?
67
Let x = 446 - 229. Calculate the highest common divisor of 31 and x.
31
Suppose m - 3*l + 13 = 0, -5*m - 4*l + 25 = -5. Let c be (-4)/(-4) + (-6)/(-3). Let n be (-1 + (c - -14))/1. What is the highest common factor of n and m?
2
Suppose -2*u + 25 + 31 = 0. Calculate the greatest common factor of 12 and u.
4
Let p = 11 - 7. Suppose -p*n + 0*c + 37 = c, 14 = 2*n - 4*c. Suppose 122 = 2*t - s, t + 0*s - 83 = -5*s. Calculate the greatest common factor of n and t.
9
Suppose 3*c - 21 = -6. Suppose -c*t = -5, -v - 2*t = -t - 10. What is the highest common factor of v and 9?
9
Let r = 26 - 14. Calculate the greatest common factor of 18 and r.
6
Let m = 385 - 175. Calculate the greatest common divisor of 140 and m.
70
Let f = -115 + 130. What is the greatest common factor of 105 and f?
15
Let q = 831 + -775. What is the highest common divisor of 434 and q?
14
Let h(z) = z**3 - z**2 - 29. Let c be h(0). Let r = -24 - c. Suppose -b = -r*q - 71, 3*b - 89 = 2*b - 4*q. What is the highest common factor of 9 and b?
9
Let c(i) = -i**2 - i + 3. Let l be c(0). Let g = -4 + 7. Suppose -27 = -2*m + 3*z, -g*m + 0 = 5*z + 7. Calculate the greatest common factor of m and l.
3
Let w(f) be the second derivative of 49*f**5/10 - f**4/12 + f**3/6 + f**2/2 + 17*f. Let s be w(1). Calculate the highest common divisor of 11 and s.
11
Suppose 0 = 8*z - 4*z - 4. Let y be -2 - (-1 - z - 2). Suppose -5*l = 4*c - 5*c + 8, -c = 3*l. Calculate the highest common factor of y and c.
1
Let h = 260 + -200. Let u = 13 + 11. Calculate the highest common factor of h and u.
12
Suppose 0 = 3*s - d + 56 - 222, -4*s - 5*d + 234 = 0. Calculate the highest common divisor of 98 and s.
14
Let x be (-90)/(-60)*(1 - -1). Calculate the greatest common factor of x and 786.
3
Let k = 1394 + -989. What is the greatest common factor of k and 81?
81
Suppose 4*h + 175 - 195 = 0. Let x be (-2 - -2) + 2 - -1. Suppose -4*r - h*z + 72 = 0, -x*r - z + 54 = -0*z. What is the highest common divisor of 6 and r?
6
Let m = -596 + 623. Calculate the highest common factor of 3 and m.
3
Let q be (-2)/(-7) - (-15030)/(-126). Let i = -71 - q. What is the highest common divisor of 6 and i?
6
Let y be ((-10)/(-2) - 4) + 33. Let u be 19 + -20 - y/(-2). Calculate the highest common factor of 256 and u.
16
Suppose 4*b - 59 = k, -b - 33 = -4*b + 3*k. Suppose -82 = -2*z + 78. Calculate the greatest common divisor of z and b.
16
Suppose -3*q + 394 = -848. Let z be 2/(-1) + (478 + -6)/(-2). Let a = z + q. What is the greatest common divisor of 22 and a?
22
Suppose o = -3*d + 3, 0*o - d = 2*o - 31. Calculate the highest common divisor of 26 and o.
2
Let r be ((-12)/8)/(-2*(-2)/(-152)). Let n be 38/(6 + (3 - 7)). What is the highest common divisor of n and r?
19
Let f(l) = l**3 - 11*l**2 - 13*l + 18. Let j be f(12). Suppose 7*d - j = 5*d. What is the highest common factor of d and 12?
3
Let a = 187 - 145. Calculate the highest common divisor of 966 and a.
42
Suppose -24 = -3*s + 2*s. Suppose 6*b = 951 + 201. What is the highest common factor of s and b?
24
Let s(k) = -16*k + 892. Let j be s(53). What is the highest common divisor of 1342 and j?
22
Let i be (-6)/(-39) + 2 + 980/52. What is the greatest common factor of 28 and i?
7
Suppose 2 + 16 = -3*j. Let z be j/4*(-1152)/(-54). Let g = z + 55. What is the greatest common divisor of 161 and g?
23
Suppose -2*s + 907 = -r, -2*s - 12*r + 10*r = -916. What is the greatest common factor of s and 182?
91
Let u(r) = r**3 - 6*r**2 + 17*r + 17. Let o be u(6). Calculate the greatest common factor of o and 102.
17
Suppose 16*k - 6 - 186 = 0. Let w = 8 + 3. Let g = w - 5. What is the greatest common divisor of k and g?
6
Let v be (42/8)/(9*(-2)/48). Let b be (2 - v/2)/((-5)/(-155)). Calculate the greatest common divisor of 31 and b.
31
Let q be ((-40)/14)/((-8)/28). What is the highest common factor of 370 and q?
10
Let z(r) = -3*r - 3. Let h(y) = -y - 13. Let u be h(-10). Let v be z(u). Let x = 15 - v. Calculate the greatest common divisor of x and 72.
9
Let b be 6682/18 + 0 + (-8)/36. What is the highest common divisor of 159 and b?
53
Suppose 2 = 2*r + 3*k, -2*r + 1 = 4*k - 1. What is the greatest common divisor of 1 and r?
1
Let d(r) = 6*r + 117. Let b be d(-7). Calculate the highest common divisor of 3225 and b.
75
Let l(v) = -16*v + 13. Let s be l(-5). Calculate the highest common factor of 62 and s.
31
Suppose 0*g - 120 = -2*g. What is the highest common divisor of g and 260?
20
Let i(d) = d**2 - 6*d - 10. Let k be i(-4). Let g = -36 + k. Let m = g - -8. What is the highest common divisor of 5 and m?
1
Let l(n) = -n**3 - 13*n**2 - 14*n - 5. Let c(t) = 2*t - 12. Let k be c(0). Let p be l(k). Let v = p - -8. What is the highest common factor of 18 and v?
9
Let t be 6/9 - (-145)/3. Suppose 403 + 794 = 57*q. Calculate the greatest common factor of q and t.
7
Suppose 336 - 334 = q. What is the greatest common divisor of 346 and q?
2
Let u(c) = c - 9. Let x be u(16). Let m(b) = -b**3 + 8*b**2 - 6*b - 4. Let a be m(x). What is the highest common factor of 6 and a?
3
Suppose 32*v - 30*v + 34 = 0. Let s = 59 + v. What is the greatest common divisor of 105 and s?
21
Let i be 1/(-4)*-2*8. Suppose -n = -2*o + 6, -n = -0*n - i*o + 16. Suppose 5*m - m = k + 19, n*m - 2*k - 18 = 0. What is the highest common factor of m and 5?
5
Let k(z) = -z**3 + 10*z**2 + 11*z - 1. Let x be k(8). Calculate the highest common factor of 5 and x.
5
Let y be 12/16 + (-15)/20. Let p be y*(0 - 4/(-8)). Suppose 3*w + w + 4*c - 60 = 0, p = -4*w + 4*c + 20. Calculate the highest common divisor of w and 25.
5
Let i be 658/22 - 9/(-99). What is the highest common factor of 190 and i?
10
Suppose 4*t + 110 + 269 = 3*x, -2*x + t + 261 = 0. Let c(f) = -f - 1. Let p be c(-20). Calculate the highest common divisor of p and x.
19
Let w be (-638)/(-8) - 2/(-8). Suppose 2 = -5*a + 12. Let o(c) = c**3 + 3*c - 4. Let m be o(a). Calculate the greatest common factor of m and w.
10
Suppose 2*p + p - 51 = 0. Let c = -150 + 256. Let l = c + 47. What is the greatest common divisor of p and l?
17
Let p be (-10)/25 + (-44)/(-10) - 0. Suppose -5 = -g, -p*f + 47 = -4*g - 29. Let j be (-15 + -1)/(-1) - 0. Calculate the greatest common divisor of f and j.
8
Let n = 665 - 641. Calculate the greatest common factor of 948 and n.
12
Let x be 37/(-3) + (-7)/(-21). Let t be (462/x)/(1/(-2)). What is the highest common factor of 7 and t?
7
Let t be (-4)/(-7) - (-150)/(-42). Let j be (1 + 5)/(t/(-7)). Calculate the greatest common divisor of j and 56.
14
Let b(s) = -6*s - 43. Let p be b(-6). Let w be (-2)/(-14) - (-1 - (-622)/p). Calculate the highest common factor of 18 and w.
18
Suppose -4*m + 3 = -3*m. Let k be ((-3)/4)/(m/(-72)). Suppose 2*s + 4 = u, 3*u = 5*s - 5 + 21. What is the greatest common factor of k and u?
6
Let n(z) = z**3 - 6*z**2 + 5*z - 9. Let i be n(6). Suppose 5*y + 281 = x, 2*x - 54 = y + 4*x. Let b = i - y. What is the highest common factor of 7 and b?
7
Suppose -3*z + 3*c - 48 = 0, -9 - 21 = 5*z + 5*c. Let v = z + 116. Calculate the highest common divisor of 42 and v.
21
Let d(s) = 2*s**2 - 7*s - 6. Let j be d(-4). Let h(f) = f**3 + 13*f**2 + f + 3. Let l = -36 + 24. Let a be h(l). What is the greatest common factor of a and j?
27
Suppose -4*p + 2 = -22. Let o = p - 4. Suppose -3*a + o*u + 215 = 2*a, 140 = 3*a + u. Calculate the highest common factor of 30 and a.
15
Suppose -4*u - 4*c = -3 - 1, -u - 11 = -2*c. Let n = u - 9. Let p be 1/2*(-2208)/n. What is the greatest common divisor of p and 23?
23
Let u(k) = -6*k + 3. Let r be u(-5). Suppose -96 = o - 1919. Suppose -5*v + o = -4*j, 3*j - 1805 = -5*v - 2*j. Calculate the greatest common factor of r and v.
33
Suppose 4*g - 396 = 420. Calculate the greatest common divisor of 1122 and g.
102
Suppose -11*l + 661 - 89 = 0. Calculate the greatest common divisor of 234 and l.
26
Suppose 0 = 32*k - 1 - 255. Calculate the greatest common factor of k and 8.
8
Let y = -4 + 3. Let n = y + 64. Let c be (-14)/(-3)*(-9 - (-42)/4). Calculate the greatest common divisor of n and c.
7
Let u be 453/11 + (